). Let y be ((-1)/(5/d))/(-2). Calculate the highest common factor of y and 6.
6
Let l(g) = -8 - 6 - 7*g + 4. Let v(d) = -d**2 - 7*d + 3. Let u be v(-8). Let r be l(u). Calculate the highest common divisor of r and 275.
25
Let k(m) = -33*m - 22*m + 20*m - 3. Let x be k(-9). Let p = x - 81. Calculate the highest common factor of p and 21.
21
Let q(k) = -k**2 - 16*k - 27. Let u be q(-14). What is the highest common divisor of u and 13?
1
Let l = 55 - 53. Suppose -2*y = l*y - 24. What is the highest common divisor of 24 and y?
6
Suppose -56*n + 6264 = 1952. Calculate the highest common factor of 7 and n.
7
Suppose -s = -2*i - 53, 3*s + 0*s - 149 = 4*i. Suppose -10*p + 97 = -s. Suppose 0 = -3*k - 0*k + 336. What is the greatest common divisor of k and p?
14
Suppose 0 = 2*m - 5*p - 3, 4*m - p = -2*p + 17. Suppose m*v + 13 - 5 = 0. Let s be (-70)/(-6) + v/3. What is the highest common factor of s and 77?
11
Let l(m) = 2 + 9*m - 12 + 1. Let n be l(5). Let b(o) = -o**3 + 4*o + 3. Let f be b(-3). Calculate the greatest common divisor of n and f.
18
Let x be -3 - (-5 - 1)/(82/1025). What is the greatest common factor of 480 and x?
24
Let x(g) = g**2 - 2*g - 6. Suppose -6 - 14 = 5*i. Let t be x(i). Suppose 10 = -0*o + o + p, 2*p - 56 = -5*o. What is the highest common divisor of t and o?
6
Suppose 3*f = 2*b - 139 + 85, -110 = -4*b + 5*f. What is the highest common divisor of b and 20?
10
Suppose 5*g + 31 = 3*u, -3*u + 34 = -0*g - 2*g. Suppose 36*s + 21*s + 7 = 64. What is the highest common factor of u and s?
1
Let a = -62 + 164. Let l = a + -17. Calculate the greatest common factor of 34 and l.
17
Suppose 5*i + 2*s - 22 = 0, -3*i + s = -9 - 13. What is the greatest common factor of 48 and i?
6
Let a = -163 - -179. Calculate the greatest common divisor of 64 and a.
16
Suppose 0 = -0*q + q - 48. Suppose 5*d - 2 = q. Suppose -j = 3*r - 86, 8*r - 2*j = 3*r + 158. What is the highest common factor of d and r?
10
Suppose -42 = -w - 2*w. Suppose -5*n + 4*n = -77. Suppose -4*c + n + 371 = 0. What is the greatest common factor of c and w?
14
Suppose r + 355 = 4*v - 2*r, 2*v + 3*r - 191 = 0. What is the highest common divisor of v and 13?
13
Suppose u + 0*i = 2*i + 3, -4*u = 4*i - 12. Suppose -u*w + 2*w = -32. Calculate the greatest common factor of w and 8.
8
Let p(g) = -4*g - 2. Let c be p(-2). Let o = -748 - -751. Calculate the greatest common divisor of o and c.
3
Suppose -172 = -5*u - 4*r, -4*u + 19*r = 17*r - 122. Suppose -4*n + 3*l + 42 = -40, -5*l = n - u. Calculate the greatest common factor of n and 88.
22
Let c be 8/12*(4 - (-4495)/2). What is the highest common divisor of c and 79?
79
Let v be 26 + (-7 - (-6 + 2)). What is the highest common factor of v and 299?
23
Suppose -3*w + 91 = 5*u - 0*u, 0 = -4*w - 4*u + 116. Let z be 2/(-13) + 22167/351. What is the greatest common divisor of z and w?
9
Let w be (-3)/9 + 822/9. What is the greatest common factor of 77 and w?
7
Suppose 0 = 3*t + 28 - 10. Let u(f) = f**3 + 8*f**2 + 12*f + 12. Let m be u(t). What is the highest common divisor of m and 60?
12
Suppose 0 = -c - c + 3*d + 18, 5*c + 2*d = 7. Suppose -5*k + 5*a = -60, -k + 0*a - a = -6. Let j be -6*6/k - -7. What is the greatest common factor of c and j?
3
Let x be (2 - 0 - 0) + 6. Let g(y) = y**2 - 3*y - 12. Let c be g(x). What is the highest common divisor of c and 42?
14
Let q(u) = -7*u + 3. Let w be q(-3). Let o = -711 + 719. What is the greatest common factor of o and w?
8
Let d(w) be the first derivative of -w**3/3 + 5*w**2 + w - 7. Let o be d(8). What is the greatest common factor of 68 and o?
17
Let r be 2/(-10) - (-131)/5. Let d = 74 - r. Let i be 2/(-2) + -6 + 23. What is the highest common divisor of d and i?
16
Let m = -48 + 84. Suppose 0*r + 135 = 3*r. Suppose 3*q = -2*q + r. What is the highest common divisor of m and q?
9
Let o = 6 + 7. Suppose r + r - 2*z = 0, -3*z = 2*r - 20. Suppose r*h = 3*h + 13. What is the highest common divisor of o and h?
13
Let t(x) = 13*x**2 - x + 8. Let p be t(-3). What is the greatest common factor of p and 48?
16
Let r(b) = 40*b - 122. Let z be r(4). What is the greatest common divisor of z and 76?
38
Let w(n) = 2*n**2 - 3*n + 12. Let r be w(4). What is the highest common divisor of r and 24?
8
Let b be 103 + -67 + 6/3 + 0. Let k be 4/(-14) - (-2928)/7. Calculate the highest common divisor of k and b.
38
Let h(d) = 3*d - 15. Suppose 7*w - 45 = 2*w. Let a be h(w). Calculate the greatest common factor of a and 2.
2
Let d be 1480/35 + -3 - 2/7. Suppose 2*f - d = -2*p + 19, 14 = p - 2*f. Let k(i) = 4*i + 8. Let w be k(7). What is the highest common factor of p and w?
12
Let d(c) be the third derivative of -11*c**4/4 + c**3 + 33*c**2. Let h be d(-1). What is the greatest common factor of 16 and h?
8
Suppose 259 = -11*r + 4*r. Let q = 172 + r. Calculate the greatest common divisor of q and 15.
15
Suppose -4*p + 20 + 40 = 0. Let r = p - 12. Suppose 3*g + q - 5*q = -7, -4*g = -3*q. Calculate the greatest common factor of r and g.
3
Let q(j) = -j**3 - 5*j**2 + 14*j - 8. Let a be q(-7). Let k be 3*a/(-4 + 0). What is the greatest common divisor of 24 and k?
6
Suppose 4 + 28 = -4*x - 2*i, 5*x + 5*i = -35. Let t(c) = -c**2 - c - 18. Let y be t(x). Let f = 132 + y. Calculate the highest common factor of f and 6.
6
Let s be ((-64)/(-40))/((-4)/10) + 12. What is the greatest common factor of 2 and s?
2
Suppose 2*b - 54 = 3*s - 21, 0 = -2*b + 5*s + 27. Suppose -9*j + 4*j + 35 = 0. Calculate the greatest common factor of j and b.
7
Let p(l) = l**2 - 27*l + 60. Let g be p(24). Let j = g - -13. Calculate the highest common factor of 9 and j.
1
Let s = 24 - 17. Suppose 0 = 4*d - d - 12. Suppose -21 = 3*l - d*l. Calculate the greatest common factor of s and l.
7
Suppose 0 = -4*u + z + 181, -u + 5 = 4*z - 36. Calculate the highest common divisor of u and 30.
15
Let r be (-3)/2*(-16)/6. Let k(s) = s**3 - 9*s**2 + 4*s + 25. Let g be k(8). Let f be (-16 - (g - -3))*-3. What is the highest common divisor of r and f?
4
Let r(v) = v**2 + 2*v - 32. Let i be r(6). Calculate the highest common divisor of 5 and i.
1
Let n(x) be the first derivative of 2*x**3/3 + 2*x**2 + 5*x - 7. Let v be n(-5). What is the greatest common divisor of v and 70?
35
Let z be (-5)/((-15)/(-54))*-1. Let l be (-36350)/(-225) - 4/(-9). Calculate the highest common divisor of z and l.
18
Suppose -2*h = -27 - 7. Let y = 2605 + -2520. Calculate the highest common divisor of h and y.
17
Let p(r) = r**2 - 14*r + 55. Let l be p(10). What is the highest common divisor of 435 and l?
15
Let c(a) = a**3 + 6*a**2 - 4*a + 12. Let f(b) = b**2 + 7*b + 6. Let i be f(-4). Let u be c(i). What is the greatest common factor of u and 12?
12
Let y = -695 + 803. What is the greatest common divisor of 20 and y?
4
Suppose -12*l + 814 = 58. What is the greatest common divisor of 1827 and l?
63
Suppose -5 = -m - 4*f, f - 4 = -2*m - 8. Let g be -5 - -2 - (-62 - m). What is the greatest common factor of 8 and g?
8
Let y(n) = -n**3 - 7*n**2 - 4*n - 2. Let q(j) = 3*j - 58. Let u be q(17). Let h be y(u). Calculate the greatest common divisor of h and 104.
26
Suppose -12*v = -16*v + 52. Let h = -49 + 157. Let f = 225 - h. What is the highest common divisor of f and v?
13
Suppose 3 = o - 4*h, 4*o + 62 - 6 = -h. Let j(m) = 2*m + 32. Let n be j(o). Calculate the highest common divisor of n and 6.
6
Let y be 5415/5 + (-3)/6*6. Calculate the greatest common divisor of 30 and y.
30
Let c(z) = -2*z + 93. Let j be c(31). What is the greatest common factor of j and 310?
31
Suppose -5*b - 4 = -2*k, -2*b - 3*k = -6 - 0. Suppose -s + 6*s - 85 = b. What is the greatest common divisor of 68 and s?
17
Let j(d) = 3*d**2 + 25*d + 125. Let y be j(-8). What is the highest common divisor of y and 63?
9
Let r be (2/1)/(4/12*2). Suppose 51 = r*o + 24. What is the greatest common factor of o and 72?
9
Let b be 4 + 1*(43 - 0). Suppose -7*f = -117 + b. Let d be (-20)/(-6)*36/f. What is the highest common factor of 48 and d?
12
Suppose 0 = -5*o + 4*s + 117, 2*o - 3*s - 10 = 41. Suppose 5*z - 2*z - 693 = 0. Calculate the highest common factor of z and o.
21
Suppose 0*d - 15 = -4*d - 5*s, -3*d + 5*s = -55. Let k = d + -18. Let b be 39*k/(-6) - -2. What is the greatest common divisor of 81 and b?
27
Suppose 0*k = 2*